(2/v).
2, 5
Let v(u) = 3*u**2 + 9*u + 9. Let q(p) = -2*p + 10*p + 14 + 5*p**2 + 5*p. Let o(z) = -5*q(z) + 8*v(z). List the prime factors of o(6).
2
Let p(c) = -63*c**3 - 2*c**2 + 2*c + 3. What are the prime factors of p(-1)?
2, 31
Suppose 10 = -w + 3*w. Let a = w + -1. What are the prime factors of a?
2
Suppose -9*q + 746 = -577. What are the prime factors of q?
3, 7
What are the prime factors of 145/(-5)*(0 + -1)?
29
Let a = 49 - 40. Let p = 1 + 1. What are the prime factors of p + -3*(-6)/a?
2
What are the prime factors of (-1552)/12*9/(-6)?
2, 97
Let v(m) = -5*m - 3. Let j(y) = 26*y + 16. Let h(t) = -2*j(t) - 11*v(t). What are the prime factors of h(3)?
2, 5
Let l be (5/(-5))/(2/(-26)). Let h = 23 - l. List the prime factors of h.
2, 5
Suppose 0 = -3*z + 3 + 3. Suppose -5*d + 57 = x, 3*x = 5*d + 87 + 24. Suppose b + z*b = x. List the prime factors of b.
2, 7
Let i(j) be the third derivative of -5*j**4/24 + j**2. Let l be i(-3). Suppose -l = -0*v - 3*v. What are the prime factors of v?
5
Let s be ((-4)/(-3) - 1)*15. Suppose -3*o + 4*c = 0, -2*o = -s*o - 2*c + 18. What are the prime factors of o?
2
Let m(f) = 6*f - 6*f + f**2 + 3. Let q be m(0). Suppose 0 = 2*g + q*n - 3, 0 = -0*g + 3*g + 2*n - 17. What are the prime factors of g?
3
Let p(j) = -j**2 + 7*j + 5. Suppose 4 = -2*b + 12. What are the prime factors of p(b)?
17
Suppose 2*l - 26 = -3*c, -5*c = 4*l - 28 - 16. List the prime factors of (c/12)/(2/24).
2
Suppose t = 3*n - 12, 3*t - 2*n = 3 - 4. Suppose -t*f + 13 = f - 3*o, 5*f - 4*o - 15 = 0. List the prime factors of f.
7
Suppose -6 = -5*z + 9. What are the prime factors of 0/(-1) + 39/z?
13
Let a(l) = 4*l**2 - 1. Let i be a(1). Suppose 21 = -2*z + 2*k + i*k, 4*z - 2*k = -2. What are the prime factors of z?
2
Let a be ((-10)/8)/(3/12). Let g = -1 - a. What are the prime factors of (-66)/(-8) - g/16?
2
Let u(t) = 2*t**2 + 10*t - 1. Let y be u(-8). Let g = y - 26. List the prime factors of g.
3, 7
Let k be 0*(-3 + (-7)/(-2)). List the prime factors of -2*((-33)/6 + k).
11
Let h(j) = j**3 + 8*j**2 - 3. Let k be h(-8). What are the prime factors of 13 + (k - (-2)/2)?
11
Suppose 0 = -2*d + 3*d - 29. Suppose -3*o = -25 - d. Suppose 0 = -j - j + o. List the prime factors of j.
3
Suppose 0 = 3*t - 0*t - 2*v - 18, t + 3*v = 6. Let r = t + -11. List the prime factors of (-18)/r + 6/(-10).
3
Suppose -3*o + 25 - 10 = 0. List the prime factors of o.
5
Let b(f) = 11*f + 15. Let l = 15 - 9. Let g(p) = 5*p + 7. Let u(o) = l*b(o) - 13*g(o). What are the prime factors of u(8)?
7
Suppose -231 = -2*y + 265. List the prime factors of y.
2, 31
Let u = -3 + -6. Let s be (-1)/((-2)/36 - 0). Let b = s + u. What are the prime factors of b?
3
Let s = 19 - 12. Suppose 0 = -v + 8 + s. Let i = 30 - v. List the prime factors of i.
3, 5
Let n = -5 - -8. Suppose n*s = 7*s - 48. List the prime factors of s.
2, 3
Let y = 25 + -33. What are the prime factors of -20*4/y*2?
2, 5
Suppose -4*b + 2*b + 60 = 0. List the prime factors of b.
2, 3, 5
Suppose -5*g + 82 = -23. What are the prime factors of g?
3, 7
Let q = 3 + -9. Let w be 44/6*q/(-2). Suppose -3*f + w = -2. List the prime factors of f.
2
Let i be 6/(-3) - (1 - 6). Let v = i - -1. Suppose -3*b = -v - 2. What are the prime factors of b?
2
Let g(f) = f**2 - 3*f. Let v be g(4). Let w = 3 + v. Let x = 5 + w. List the prime factors of x.
2, 3
Suppose -10 = -g + 4. Suppose -5*l - g + 44 = 0. List the prime factors of l.
2, 3
Let t = 6 + -10. Let v = t - -10. What are the prime factors of v?
2, 3
Let m = 1 - 0. Let f(a) be the second derivative of a**5/10 + a**4/12 - a**3/6 + a**2/2 - 7*a. What are the prime factors of f(m)?
3
Suppose -4*i + 4 = -0*i. List the prime factors of 2/(-1 - i)*-16.
2
Suppose -2*o - 32 = 4*p, 2*p + 22 = -p - 2*o. Let w = 4 + p. List the prime factors of ((-80)/w)/4*3.
2, 5
Let p(a) = 2*a + 6. Let u(m) = m**2 - 7*m + 5. Let h be u(7). List the prime factors of p(h).
2
Suppose 2*u - 17 = -4*h + 3, 2*h = -10. Let a = -11 + u. List the prime factors of a.
3
Let n(h) = 2*h**3 + 33*h**2 + 15*h + 1. Let v(t) = t**3 + 17*t**2 + 8*t. Let z(m) = -6*n(m) + 11*v(m). List the prime factors of z(-11).
2
Let z(r) = -r**3 + 11*r**2 + 12*r + 14. Let n be z(12). Let p = 21 - n. List the prime factors of p.
7
Let a = -24 + 36. Let n be 14/(-6) + (-2)/(-6). Let c = n + a. List the prime factors of c.
2, 5
Let h(p) be the third derivative of -5*p**4/24 + 5*p**3/6 + 2*p**2. What are the prime factors of h(-7)?
2, 5
Let j = -281 + 525. List the prime factors of j.
2, 61
Let q = 3 + -6. Let p = 3 + q. Suppose 4*s - 3*r - 11 = p, 2*s - 3*s - 4*r = 2. List the prime factors of s.
2
Let u = -4 - -4. Suppose n + n = u. Suppose 0*j - 2*j - 6 = n, -3*s = 2*j - 18. List the prime factors of s.
2
Suppose 0 = -3*b + 3*g, -5*b + 3*g = -0 - 4. Suppose 0 = b*v - 12 + 2. List the prime factors of v.
5
List the prime factors of (7 + -4)*(28 + -4).
2, 3
Suppose 0*u + u = 2*v, -2*v = 5*u + 24. List the prime factors of v/(-2) - (12 + -38).
3
Let g be ((-10)/(-15))/((-6)/(-747)). Let f = 122 - g. What are the prime factors of f?
3, 13
Suppose 29 = 2*b + 3*b - 3*w, -b = -3*w - 13. Suppose o + 2*a = 18, b = 5*a - 21. List the prime factors of o.
2
Let r(z) = -19*z + 7. List the prime factors of r(-4).
83
Let i be 1 + (1 + -1)/1. Suppose 4*s + 4*m = -i + 5, 0 = -4*m - 8. Suppose s*w - 1 - 8 = 0, 5*y - 2*w - 84 = 0. What are the prime factors of y?
2, 3
Let k = 17 + -12. Suppose k*w + 12 = 37. Let y(r) = r**3 - 4*r**2 - 3*r + 5. List the prime factors of y(w).
3, 5
Let x(s) = 60*s - 24. List the prime factors of x(2).
2, 3
Suppose 26 = 3*u + 8. Let d be (5 - -1)*4/u. What are the prime factors of ((-17)/4)/((-1)/d)?
17
Let r(w) = -w + w - 2*w + 8*w**2 - 1. Let l be r(2). Let o = l - 18. What are the prime factors of o?
3
Let w = -3 - -6. Suppose 0*i = -w*i + 60. Suppose -2*f + 4 = -4*a - 4, 0 = 5*f - 4*a - i. What are the prime factors of f?
2
Let q = 10 - 13. Let m be 2 + -3 - (1 + -12). Let f = q + m. List the prime factors of f.
7
Let i be (-4)/(3/((-9)/6)). Suppose -4*h - 14 = 6, 0 = 5*k - i*h - 30. List the prime factors of k.
2
Let d = 33 + -22. List the prime factors of d.
11
Suppose 4*d - 2*d + 45 = -5*x, -5*x = -2*d + 45. Let k be -6*(x/(-2) + 0). What are the prime factors of 86/18 + (-6)/k?
5
Let s(m) = -m - 2. Let n be s(2). Let d(t) = -t**3 - 6*t**2 - 6*t - 2. Let a be d(n). Let o = 17 + a. List the prime factors of o.
7
Let s(w) = 42*w - 1. What are the prime factors of s(2)?
83
Let l = -215 + 432. List the prime factors of l.
7, 31
Let j be (0 - -6)*(-5)/(-3). Let q(t) = t**2 - 8*t + 3. What are the prime factors of q(j)?
23
Let o = -10 + 16. Suppose q - o = -2*q. Suppose q*u = 4*u - 8. List the prime factors of u.
2
Let w(g) = -4*g - g**2 - 11 - 4*g + 2. Let t be w(-6). Suppose -i - 5*x + t = 0, 0*i + 5*i + x - 39 = 0. What are the prime factors of i?
2
Suppose 5*w - 4*d - 105 = 0, w + d = -0*d + 12. Let i = -6 + w. List the prime factors of i.
11
Suppose c + 0 - 2 = 0. Let i be (-2 + -1)*c/6. List the prime factors of i/(3/(-15) + 0).
5
Suppose 0 = q - 23 - 69. Let s be (2/4)/(2/q). Suppose -4*d + 17 + s = 0. What are the prime factors of d?
2, 5
Suppose 334 = 2*p + 20. List the prime factors of p.
157
Let s be 1*(7 + -2)*-1. Suppose 9 + 1 = p. Let g = p + s. List the prime factors of g.
5
Suppose 4*r = -r - 3*z - 204, 5*z = -3*r - 116. What are the prime factors of 7*-8*9/r?
2, 3
Suppose -3*s = 4*i - 17, 3*s + 11 = i + 3. Suppose i*z - z = 16. Suppose 2*c + j - 8 = 0, -3*c + 4*j - 18 = -z*c. List the prime factors of c.
2
Let t(z) = 7*z**2 - 2*z + 2. What are the prime factors of t(1)?
7
Let o = 2 - -3. Suppose -4*z = 4*p, 3*p - o*z - 16 = 8. Suppose f - p*f + 83 = 5*c, 0 = -3*c - 3*f + 57. List the prime factors of c.
3, 5
Suppose -1 + 6 = h. What are the prime factors of h?
5
Let b(z) be the third derivative of z**4/24 - 7*z**2. List the prime factors of b(4).
2
Suppose -2*m + 4 = -0. Suppose -2*u + 2 = 3*n, 5*u + 2 = -m*n - 4. What are the prime factors of n?
2
Let m(j) = j**3 - 13*j**2 + j + 8. What are the prime factors of m(13)?
3, 7
Let z(n) be the second derivative of -n**3 - 3*n**2/2 + 3*n. List the prime factors of z(-2).
3
Let p = 128 + -64. What are the prime factors of p?
2
Suppose 0 = -4*d + f + 2 - 14, 5